/(-7) - (-8)/28. Let x = n - -10. List the prime factors of x.
2, 11
Let p(h) = h**3 - 3*h**2 - 24*h - 6. List the prime factors of p(8).
2, 61
Let j = 120 + -20. What are the prime factors of j?
2, 5
Let o = 513 + 53. What are the prime factors of o?
2, 283
Suppose 3*j - j = 26. Suppose 9*u = j*u - 132. List the prime factors of u.
3, 11
Let u(r) = -r**2 - 15*r - 12. Let n be u(-14). Let b be n*-21*(-60)/45. Suppose -3*g + b = -g. What are the prime factors of g?
2, 7
Suppose 37*s - 13369 = 6130. What are the prime factors of s?
17, 31
Let v be (-888)/(-14)*(3 + 1 + 3). Suppose -15*d = -3*d - v. What are the prime factors of d?
37
Let r = -1427 + 2170. What are the prime factors of r?
743
Let z = 526 - 269. List the prime factors of z.
257
Let d(a) = -31*a + 2. Let u be d(-5). Suppose -g = -5, -10 = 5*f + 4*g + 5. What are the prime factors of (-33)/77 - u/f?
2, 11
Suppose 0 = 13*d - 12101 - 6866. What are the prime factors of d?
1459
List the prime factors of ((-3)/3 + -1)*(-459)/2.
3, 17
Let g(c) = -10*c - 6*c + 8 + 0*c. Suppose q - 12*q - 33 = 0. List the prime factors of g(q).
2, 7
Let a = 161 + -98. Suppose 2*m = 639 + a. List the prime factors of m.
3, 13
Let k(t) = -t**2 + 12*t + 25. Let j be k(13). Suppose j*o = 15*o - 306. List the prime factors of o.
2, 3, 17
Let a be 288939/210 + 2/20. Let l be 2/4 + (-1)/(-2). What are the prime factors of (l/2)/(16/a)?
43
Suppose 4*t + 4*m = -t + 1522, 5*t - 1524 = -3*m. What are the prime factors of (t/(-54))/((-1)/18) - -3?
3, 5, 7
Let c be (-1)/(-3)*0 + -29. Let d = c + 31. Suppose -d*i = -158 + 62. What are the prime factors of i?
2, 3
Let x = 2597 - 1631. Suppose 9*n - x = -345. List the prime factors of n.
3, 23
Suppose -4*d = 4*v - 16, -7 - 5 = -5*d - v. Suppose -d*t - t = -36. Suppose 4*y + t = 8*y. What are the prime factors of y?
3
Let r(s) = 18*s**2 + 8*s + 106. What are the prime factors of r(-7)?
2, 233
Suppose u = 5*i - 2*i - 1918, -4 = -2*u. What are the prime factors of i?
2, 5
Suppose -3586 = -20*k + 43014. What are the prime factors of k?
2, 5, 233
Let v = -1264 + 3564. List the prime factors of v.
2, 5, 23
Suppose 31*t - 29*t + 10 = 0. Let i = -2 - t. Suppose -5*s + 55 = i*w - 3, 5*w + 4*s = 101. List the prime factors of w.
3, 7
Let d(o) = 7*o + 7. What are the prime factors of d(16)?
7, 17
Suppose 19 - 2 = t. Let g be -1 + (3 - 2) - t. Let o = 20 + g. What are the prime factors of o?
3
Let n(f) = -21*f + 2. Let t be n(-5). Let j = 404 + -398. Suppose j*m - 97 - t = 0. What are the prime factors of m?
2, 17
Suppose -275 - 550 = -3*a. Suppose a = 6*g - 415. What are the prime factors of g?
5, 23
List the prime factors of 1199/4*(60 - 56).
11, 109
Suppose 0*g - g = -5*s - 23, -2*g = -3*s - 18. List the prime factors of (-222)/((s/4)/((-1)/(-2))).
3, 37
Let v be -115 - -3*(4 - 3). Let d = -40 - v. List the prime factors of d.
2, 3
Let l = 930 - 451. What are the prime factors of l?
479
Let o(x) = -x**3 - 22*x**2 + 93*x + 59. What are the prime factors of o(-27)?
1193
Let q(s) be the second derivative of -s**5/20 + s**3/3 + 33*s**2/2 + 37*s. Let d be (4 - 4)*(-1 - -2). List the prime factors of q(d).
3, 11
Let m = 248 + -51. What are the prime factors of m?
197
Let s = -1 - -1. Suppose -3*x + 4*x + 3*h + 1 = s, -4*h = 2*x - 2. Suppose -3*t = 3*y - 105, -6 - 14 = x*y. List the prime factors of t.
3, 13
Suppose c + 0*b - 67 = -2*b, 4*b + 181 = 3*c. Suppose 3*r - 2*r = 4*d - c, 0 = 4*d + 5*r - 45. What are the prime factors of d?
3, 5
Suppose 22*y - 3090 - 738 = 0. List the prime factors of y.
2, 3, 29
Suppose -30 = 3*x - 36. Let j(b) = 6*b**2 - b. Let q be j(1). Suppose 9 = -x*z + q*z. What are the prime factors of z?
3
List the prime factors of (-30)/5*182/(-4).
3, 7, 13
Suppose 0 = 20*h - 16*h - 80. List the prime factors of -3 + h/8 - (-1142)/4.
3, 5, 19
Let y = -76 - -78. Suppose -2*v + 251 = 3*c, y*c = -2*c + 20. What are the prime factors of v?
2, 59
Let p(z) = 5*z**2 + 7*z - 2. Let u be p(-7). Let i = -134 + u. What are the prime factors of i?
2, 3, 5
Suppose 4*z - 5*o - 9 = -2, -z + 4*o = 1. Suppose 274 = 5*y - 2*v, z*v = -4*y + 2*y + 121. What are the prime factors of y?
2, 7
Let q(t) = 21*t**3 + 2*t**2 + 6*t - 11. List the prime factors of q(2).
3, 59
List the prime factors of (-6)/((-36)/2334) - 10/5.
3, 43
Suppose -11*r = -5*z - 6*r + 7555, -3*r - 6041 = -4*z. List the prime factors of z.
2, 13, 29
What are the prime factors of (-28)/16 + 9/12 + 19?
2, 3
Suppose -5*i - 34 + 44 = 0. Suppose -2*y - 195 = -5*z - 7*y, -i*z - 3*y = -78. What are the prime factors of z?
3, 13
Suppose -f = 4*h + 730 - 4292, -2*f + 4 = 0. List the prime factors of h.
2, 5, 89
Let c(j) = j + 6. Let l be c(0). Suppose 0 = -2*r + 10 + l. Suppose 3*g + y - 53 = 0, -y = 5*g + r - 99. List the prime factors of g.
19
Let l = -60 - -55. List the prime factors of 5 + 2 + l + (1 - -273).
2, 3, 23
Let p = -5 + 8. Let c be (2 + 4)/(0 + -1). What are the prime factors of 5/((c/(-4))/p)?
2, 5
List the prime factors of 1 - (-2 + -169)*154/21.
5, 251
Suppose -5431 = -5*g + 4679. List the prime factors of g.
2, 3, 337
Let u(n) = n**3 + 9*n**2 + 13*n - 14. Let q be u(-6). Suppose -v - d + q = -0*d, -12 = -3*d. What are the prime factors of v?
2, 3
Suppose 62 = 3*r - 2*q, -2*r = -4*r - 2*q + 48. Suppose j - r = 22. List the prime factors of j.
2, 11
Let d(w) = 3*w + 7. Suppose 23 = -5*m + 3. Let j be d(m). Let r(n) = n**2 + 6*n + 7. List the prime factors of r(j).
2
Let b be 5*(-287)/(-28)*-4. Let x(s) = 6*s - 6. Let l be x(6). What are the prime factors of 2/(l/b)*-3?
41
Let z = 116 + -68. Let r = -68 + 32. List the prime factors of (-123)/(-4) + r/z.
2, 3, 5
Let f(l) be the first derivative of 1/3*l**3 - 4*l**2 - 5 - 16*l. List the prime factors of f(11).
17
Let m(w) = 11*w**2 - 8*w - 14. What are the prime factors of m(-11)?
5, 281
Let s be (-37)/(-13) + (-12)/(-78). Suppose 0 = s*c + 2 + 139. Let d = 80 + c. What are the prime factors of d?
3, 11
Let z(w) = -w**3 - 8*w**2 - 8*w - 7. Let a be z(-7). Suppose 2*s - 112 + 2 = a. List the prime factors of s.
5, 11
Suppose 4*m + 0 = 2*b - 28, 2*b + 4*m = 28. What are the prime factors of 48/(-112) - (-132)/b?
3
Let x = -5 - -4. Let p(z) = z**2 - 2*z - 1. Let c be p(x). Suppose 32 = c*a - 24. List the prime factors of a.
2, 7
Suppose 5*t + 4*j - 26276 = 0, -3*t + 15770 = -2*j - 0*j. What are the prime factors of t?
2, 3, 73
Let v be (-44)/(-20) + 1/(-5). List the prime factors of v/(-11) - (2547/11)/(-3).
7, 11
Suppose 4*n - 8 = 92. Suppose 5*p + 5*y - 167 = 3*p, -n = -5*y. List the prime factors of p.
71
Let q = 57 - 36. Suppose 0 = -3*l + 3*j + 21, -2*j - q = -3*l - 4*j. What are the prime factors of l?
7
Let h = 146 - -189. What are the prime factors of h?
5, 67
Let h(c) = 19*c**2 + 10*c - 12. What are the prime factors of h(1)?
17
Let m(y) = 8*y**2 + 3*y - 44. What are the prime factors of m(-6)?
2, 113
Let c(k) = 3*k + 3. Let g be c(9). Suppose 0 = n - 8 - g. What are the prime factors of n?
2, 19
Let d(i) = -i**3 - 20*i**2 - 8*i - 50. Let s be 30/(3/6*-3). What are the prime factors of d(s)?
2, 5, 11
Suppose 4*z - 5*l - 140 = 0, 2*l + l - 108 = -4*z. Suppose -5*a = -z - 95. What are the prime factors of a?
5
Suppose 2339 = 8*l - 16037. List the prime factors of l.
2297
Let k be 4 - (6 + -3) - -1. Suppose g = 2*m - 83, 4*m + k*g + 46 - 232 = 0. List the prime factors of m.
2, 11
Let u(h) = -2*h**2 - 10*h. Let w be u(-5). Suppose z - 3 + 0 = w. List the prime factors of (z/6)/((-1)/(-116)).
2, 29
Let q(u) = u - 11*u + 1 - 9 + 20*u. List the prime factors of q(4).
2
Let t(x) = 218*x**2 + 20*x - 36. List the prime factors of t(2).
2, 3, 73
Suppose 2*p = 3 + 1. Suppose 0 = p*v + 2, v + 4*v - 7 = 3*j. Let t(l) = -15*l - 6. What are the prime factors of t(j)?
2, 3
List the prime factors of ((-3)/2)/((-6)/588*1).
3, 7
Suppose 3*g - 7 = 4*z, -2*g + 3*z + 23 = 4*z. Let l = 80 + g. What are the prime factors of l?
89
Suppose z - 6*z = 140. Let k = z - -9. Let v = k + 56. List the prime factors of v.
37
Let r(q) = -q**2 + 7*q - 10. Let w be r(5). Suppose k - 4 - 4 = w. What are the prime factors of k?
2
Let f = 1487 + -641. List the prime factors of f.
2, 3, 47
Suppose 0 = -113*k + 102*k + 17578. What are the prime factors of k?
2, 17, 47
Suppose 0 = -2*h, 16 = 5*g + 